 is the greatest common divisor of m and d?
17
Suppose -142 = -5*v - j, 4*v + 10*j - 114 = 9*j. What is the greatest common divisor of 1484 and v?
28
Let j = -276 - -348. Calculate the greatest common factor of j and 8.
8
Let p(m) = -m**2 - 9*m - 8. Let y be p(7). Let s = y - -235. Calculate the greatest common factor of s and 46.
23
Let g be 158 - (-32)/(48/(-6)). Calculate the greatest common divisor of g and 286.
22
Suppose 3*p + p = 4. What is the greatest common factor of 1 and p?
1
Let h be 0 - (-2 + (-30)/(-12))*-8. What is the greatest common factor of 6 and h?
2
Suppose 3 = 2*j - 1. Suppose 0 = 2*l + l - 3*b + 39, -l - j*b - 16 = 0. Let q be 4/14 + (-52)/l. What is the greatest common divisor of 32 and q?
4
Suppose 3*z + k = -1, -z - 12 = -2*k - 0*k. Let f be 3172/16 - (z + 9/4). Calculate the highest common divisor of f and 18.
18
Let r be (-880)/(-165)*(-3)/(-2). What is the greatest common factor of r and 100?
4
Suppose 0 = -13*y - 3012 + 893. Let o = y + 185. What is the highest common factor of 33 and o?
11
Suppose 15*d + 6900 = 61*d. What is the greatest common factor of 50 and d?
50
Let q = -5 - -2. Let u(y) = y - 8*y**2 + 9*y**2 + 0 - 1 - 2. Let r be u(q). What is the highest common divisor of r and 12?
3
Let x = -49 + 55. Let l be (x*1 - 0) + 43 + -41. Calculate the greatest common divisor of l and 2.
2
Let m be ((-63)/12)/((-3)/72). What is the greatest common divisor of 6 and m?
6
Let y = 1395 + -1371. Suppose -5*c = -5*f - 300, -c + 56 = -4*f - 4. Calculate the greatest common divisor of y and c.
12
Suppose y = -u - 1, y - 4*y - 3 = 0. Suppose u*w = -12*w + 216. Calculate the greatest common factor of w and 18.
18
Let r = 2 - 1. Let s = -51 + 55. Suppose 4*n = -s, 0*w + w = -5*n - 1. What is the greatest common factor of r and w?
1
Suppose -71*z - 12 + 296 = 0. What is the greatest common divisor of z and 604?
4
Suppose -18 + 2 = -4*z. Let s be (-322)/(-5) - (-20)/(-50). Calculate the highest common factor of s and z.
4
Suppose -18 = -4*a - 2. Let z be 31/3 + a/6. Let x = z - 8. What is the highest common divisor of x and 24?
3
Suppose 120*m - c + 5846 = 125*m, -3*m + 2*c + 3518 = 0. Calculate the highest common divisor of m and 52.
26
Let b be -754*(-10 - -6) - 4 - 2. What is the highest common factor of b and 70?
70
Let r = 177 + -166. Calculate the highest common factor of 275 and r.
11
Let l be (-89)/(-5) + 196/(-20) + 10. Suppose -3 = -g, 0 = -y - 2*y + g + 12. Suppose 2*c - y*c + 18 = 0. What is the greatest common factor of l and c?
6
Let x = 1573 - 998. What is the highest common divisor of 46 and x?
23
Suppose w - 3*n = 20, 5*w - 4*n - 34 = 66. Calculate the greatest common divisor of 1 and w.
1
Let b be ((-2)/(-2))/((-1)/(-7)). Suppose -23*q = -1827 + 56. What is the greatest common divisor of q and b?
7
Suppose 18*q = 21*q + 201. Let r = q - -75. What is the greatest common divisor of 1 and r?
1
Let s(f) = 3*f**2 + f - 4. Let c(j) = -j**2 - 21*j - 18. Let g be c(-20). Let p be s(g). Calculate the highest common factor of 5 and p.
5
Let c = -22 - -24. Suppose 3*s = -c*h + 8, -2*h - 3*s = -4*h + 20. Calculate the greatest common factor of 7 and h.
7
Suppose -2*r + 5*f = 2*r - 9, -5*f + 9 = -r. Let a be (23 - 24)*(-12)/2*1. Let y be 6 + (0 - a/(-2)). Calculate the greatest common factor of r and y.
3
Let x = 51 - 53. Let p be 28/(-6)*x/((-8)/(-12)). Calculate the greatest common divisor of 56 and p.
14
Let q = 409 - 345. Calculate the highest common factor of q and 832.
64
Let o(a) = a**3 - a**2 + 2*a + 13. Let t be o(0). Let v = 193 - t. What is the greatest common factor of v and 20?
20
Suppose 5*k - 21*k = -896. Let y be -16*(5/10)/(-1). What is the greatest common factor of y and k?
8
Let s be ((-2)/(1 - -1))/(1/(-205)). What is the highest common divisor of s and 41?
41
Suppose -70 = 5*a - 200. Let y be (-106)/6 - 3/9. Let b = y + a. Calculate the highest common factor of 16 and b.
8
Let a(z) be the first derivative of z**3/3 - 3*z**2/2 + 2*z - 10. Let l be a(12). Calculate the greatest common factor of 44 and l.
22
Let c = -128 - -200. What is the highest common divisor of c and 36?
36
Let x(p) = p + 6. Let l be x(17). Calculate the highest common divisor of l and 299.
23
Let f(m) = 10*m - 17. Let g be f(2). Let l(k) = 2*k**3 - k**2 + 4*k - 3. Let z be l(g). Calculate the highest common factor of z and 27.
27
Suppose -5*w + 164 = 4*u, 20 = u + 12*w - 16*w. What is the highest common divisor of 81 and u?
9
Suppose 5*a = -5*z + 15, 0 = z + 5*a - 0 + 5. Suppose -75 = -3*l + 72. Let m = l - 24. Calculate the greatest common factor of m and z.
5
Let w(l) = 4*l + 49. Let j be w(-10). What is the greatest common factor of 261 and j?
9
Let d be (-10)/(-4) - 1/2. Let h(y) = -12. Let v(a) = -a + 11. Let b(p) = d*v(p) + 3*h(p). Let r be b(-10). What is the highest common divisor of 3 and r?
3
Suppose -18 = m + 5*l, m + 3*l - l = -3. Let f = 14 + -10. Let k be f/(-14) + 51/7. What is the greatest common factor of k and m?
7
Let u = 32 - 29. Suppose f = -u*f + 88. Suppose -4*h + f + 26 = 0. Calculate the highest common divisor of 132 and h.
12
Let a = -50 + 47. Let m be (1 + -28)/(a/9). What is the highest common factor of m and 9?
9
Let k be ((-8)/(-28))/((-2)/(-364)). Let u(d) = -d + 13. Let f be u(0). Calculate the greatest common divisor of f and k.
13
Let c(l) = -l**3 + 3*l**2 + 11*l + 26. Let a be c(0). Suppose -5*k = -2*k - 78. What is the greatest common factor of k and a?
26
Suppose -4*n + 8*n - 240 = 0. Suppose 0 = -2*b - b + n. Let a be 3/((2/6)/(170/153)). What is the highest common factor of a and b?
10
Let c(g) = -11*g + 19*g + 0 - 3 + g**2. Let j be c(-9). Let a be j/(-2) + 1 + 4. What is the highest common factor of a and 3?
1
Let j(q) = -9*q**3 - 2*q**2 - 1. Let g = -29 - -33. Suppose -5*a + g = -3*v + 8, 3*v = -a - 8. Let d be j(a). What is the highest common divisor of 9 and d?
9
Let x be (-15)/3*15/25. Let y(n) = -n**2 - 6*n - 7. Let s be y(x). Calculate the greatest common factor of s and 22.
2
Let u be 18/(-720)*8 - 72/(-10). Suppose -3*k + 591 = 24. Suppose k = 3*a - 0*a. What is the highest common divisor of u and a?
7
Let w be ((-2)/6)/((-4)/(-2448)*-4). Calculate the greatest common divisor of 27 and w.
3
Let r be ((-88)/(-28))/11 - (-556)/14. Let c be (-8)/52 + 646/(-26). Let i = c + 41. Calculate the greatest common divisor of i and r.
8
Suppose 162 + 1158 = 40*b. Calculate the greatest common divisor of 517 and b.
11
Suppose -38 = -4*h + 2*q, h + 2*h + 5*q = -4. Suppose -10 = 2*f, 3*f + 73 = 5*g - h. What is the highest common divisor of g and 26?
13
Suppose 2*n = -0*n + r + 9, 4*n + 2*r - 22 = 0. Suppose n*d - 300 = -0*d. Calculate the highest common divisor of 15 and d.
15
Let v = 2521 + -1117. What is the greatest common factor of 9 and v?
9
Suppose -13*w + 1751 = -589. What is the highest common factor of 450 and w?
90
Let w be 73/(-4) - (-1)/4. Let m be w/(-14) + 4/(-14). Let t be 4/(-2)*(-17)/((-119)/(-14)). What is the greatest common factor of t and m?
1
Suppose -11 = -2*y - 0*y - g, -9 = -2*y + g. Let p = 5 - y. Let b be 0 - -25 - (p - -3). What is the greatest common factor of 22 and b?
22
Let f = 44 + -31. Suppose -16*y = -517 - 523. What is the greatest common factor of f and y?
13
Suppose 0 = 18*j + 183 - 3261. Suppose 3*r = 3*t - 57, 3*t - r - 63 = -6. What is the greatest common divisor of t and j?
19
Let i be 1 - 1*11*-1. Let n(o) = o**2 - 18*o + 11. Suppose p = -2*h - 2*h + 72, -h + 23 = -p. Let w be n(h). Calculate the highest common divisor of w and i.
6
Let u be 43/((-731)/170) + 11. Suppose 1 = v - 2. Suppose -v*w + 8 = -1. What is the greatest common divisor of w and u?
1
Let t(h) = -15*h**2 - 166*h - 40. Let k be t(-10). Calculate the highest common divisor of 100 and k.
20
Let y = 390 - 385. What is the greatest common divisor of y and 5?
5
Let l = 1137 + -969. What is the greatest common factor of l and 96?
24
Let b = 475 - 299. Let h be 2/8 - (-4 - 2540/16). Let s = h - 147. What is the highest common divisor of s and b?
16
Let x = 115 - 82. Suppose 4*l + x = 169. What is the highest common divisor of 85 and l?
17
Let d(q) = -q + 34. Let a be d(32). What is the greatest common factor of 98 and a?
2
Let z be (-2)/5 + 114/(-15). Let o be 21/(4/(z/(-3))). Let a = 51